-23 + 12. Let t = j - -94. Is t composite?
False
Suppose 9*l + 5*o = 4*l + 195, o = l - 35. Is l a composite number?
False
Suppose -38*l = -34*l - 492. Is l a prime number?
False
Let z = 21 - 9. Suppose k + 2*k = z. Suppose -4*c - k*o + 60 = o, 2*c - o - 30 = 0. Is c a prime number?
False
Suppose 5*i = -x + 16 + 7, -i + 19 = 5*x. Suppose x + 0 = 3*q, t - 4*q = 32. Let n = t - 5. Is n composite?
False
Let p = -50 + 135. Is p prime?
False
Suppose 24 = s - 202. Suppose -3*t + 197 = -s. Suppose 0 = -5*p + 94 + t. Is p a composite number?
False
Suppose 9*v + 530 = 14*v. Is v prime?
False
Suppose 0 = -2*z - 3*b - 4 + 13, 6 = 2*b. Suppose -2*n = 4*c - 514, z*c + 242 = 2*c - 4*n. Is c composite?
False
Let l = 260 - 179. Let v = 118 - l. Is v a composite number?
False
Let d be (3/(-9))/(1/3). Let t be (-3 - d)*1 - -6. Is 150/t + 2/(-4) a prime number?
True
Suppose 0*h = 5*h - 10. Suppose -3*v + 3*i + 114 = -0*v, -h*v - 3*i + 71 = 0. Is v a prime number?
True
Let y(i) = -2*i - 1. Let k(u) = u**2 - 3*u - 2. Let f(b) = 2*k(b) - 5*y(b). Let r be f(-3). Suppose g - 15 = r. Is g prime?
False
Let s(o) = 274*o + 3. Is s(4) a prime number?
False
Suppose 5*v = 4746 + 989. Is v prime?
False
Let o be (381/(-4))/(4/(-64)). Suppose -r - 3*r + o = 0. Is r a composite number?
True
Suppose -v = -1 - 3. Suppose 0 = -0*s - v*s + 60. Is s prime?
False
Suppose -k = 1 - 3. Suppose -18 = -k*r + 68. Is r prime?
True
Let n(o) = 2*o**2 - o. Let r be n(-1). Suppose 6 + 399 = r*x. Suppose 3*s + 2*d - x = 0, -6*s + 126 = -3*s + 5*d. Is s a prime number?
True
Suppose -4*h - h + 76 = 3*o, -36 = -3*o + 3*h. Let i = 32 - o. Is i prime?
False
Suppose -4 = 2*v - 4*b + 20, v - b + 9 = 0. Let k(o) = 12*o + 5. Let z(q) = -q. Let u(i) = -k(i) - 3*z(i). Is u(v) prime?
False
Let i be -39 + (4/(-2))/1. Let z = -41 + 101. Let a = z + i. Is a a composite number?
False
Is 5 - 31178/(-49) - 4/14 prime?
True
Let a(b) = b + 5. Let n(v) = v**3 - 6*v**2 - 4. Let g be n(6). Let d be a(g). Is 1*(d + -22)*-1 a composite number?
True
Let s(r) = -r - 5. Let u be s(-10). Suppose d = u*b + 28, 71 = 2*d + b + 4*b. Is d a composite number?
True
Let d be 2/1*(-6)/(-4). Is 3 + (-3 - -56) + d composite?
False
Let l = 305 + -617. Let u = -223 - l. Is u a composite number?
False
Let i(n) = 8*n**2 + 5*n + 4. Is i(-5) composite?
False
Let w = 33 - 7. Suppose w = -5*u + 381. Is u prime?
True
Let r(x) = -x**3 - x**2 - 3*x - 3. Let s be r(-2). Let l(f) = f**3 - 7*f**2 + 3*f - 2. Is l(s) composite?
False
Suppose 0 = -4*q + 7 + 5. Suppose -q*n + 276 = n. Is n a composite number?
True
Suppose -3*z - 5*k + 5 = 0, -3*z - 3*k + 19 = -5*k. Suppose -z*u + 5 = -10. Is 53 - u/((-3)/(-2)) a composite number?
True
Let a be 2 + (-7)/((-7)/18). Let r = a + -6. Is r composite?
True
Let g(a) = -131*a - 7. Is g(-4) composite?
True
Let j(u) be the first derivative of -u**3/3 + u**2/2 + 51*u + 2. Is j(0) a composite number?
True
Let p be ((-18)/27)/((-2)/81). Let m = p - 46. Let f = m - -29. Is f prime?
False
Let r(g) = 6*g**2 - 3*g - 11. Let o(m) = 3*m**2 - 3*m. Let v be o(2). Let h(p) = -7*p**2 + 4*p + 12. Let f(c) = v*r(c) + 5*h(c). Is f(-5) a prime number?
False
Let t(o) = 33*o**2 + 2*o. Is t(-3) a composite number?
True
Let a(d) be the first derivative of 3*d**2 - 3*d - 3. Is a(6) prime?
False
Suppose -2*c + 101 = -z - 6*c, -z = -4*c + 117. Let f = z - -520. Is f/9 + (-2)/(-6) prime?
False
Let m be ((-12)/(-18))/((-2)/(-738)). Is 28/12*(m - -3) composite?
True
Let k(g) = 10*g - 7. Let t be k(14). Let r be (-1)/((-4)/(-118))*2. Let x = r + t. Is x composite?
True
Let q = -10 + -9. Let j = 63 - q. Is j prime?
False
Let k(m) = -m**3 - 14*m**2 - 3*m + 11. Is k(-14) a composite number?
False
Suppose 3 - 6 = -m. Let x be 3/m - (-197 - 1). Let u = 282 - x. Is u prime?
True
Is ((-257)/(-2))/((-1)/(-2)) a prime number?
True
Let m(c) = c**3 + c + 37. Let r be 1 + -2 - (-7 + 4). Suppose 5*y - r*t = 3 - 1, 3*y - 5*t - 5 = 0. Is m(y) a prime number?
True
Let g(y) = -495*y**3 + y**2 + y. Let l be g(-1). Let w = -343 + l. Suppose -5*n - 2*p = -193, 4*n + 3*p - 2*p = w. Is n prime?
True
Suppose 0 = -2*v, 0*v - 116 = 2*j - 5*v. Let i = j - 21. Is 1/((-1)/i) - 0 a composite number?
False
Let v(m) = 5*m**2 + 3*m + 1. Suppose 5*h + z - 8 = 0, h - 5*z + 3*z - 6 = 0. Let y be 2/1*(h + -3). Is v(y) composite?
True
Suppose d - 106 - 393 = -2*p, -2*p = -3*d + 1497. Is d prime?
True
Suppose -2*b + 632 = 5*i - 3*b, 4*b + 623 = 5*i. Is i a composite number?
False
Let d = 4 - 6. Is 52/6*(-3)/d prime?
True
Suppose -5*g + 9817 = -11818. Is g prime?
True
Let a = 7 - 5. Suppose -5*m - 3*b = -a*m - 234, -2*m - 4*b + 146 = 0. Is m a prime number?
True
Let q(x) = x - 1. Let m be q(6). Is ((-1)/(-2))/(m/1910) a composite number?
False
Suppose -u = -y - 2*u + 77, -2*y + 124 = -4*u. Suppose 42 = -2*j - y. Is -20*(j/12 - -3) a composite number?
True
Is 2 + 1 + 114 + (4 - 0) prime?
False
Let p be (-15)/(-30) + 2/(-4). Suppose -2*c + p*c + 574 = 0. Is c prime?
False
Let g(v) = v**3 + 14*v**2 - 8*v - 11. Is g(-12) a composite number?
False
Is 18/54 - 1757/(-6)*2 composite?
True
Let d(m) = -m**3 + 3*m**2 - 2*m + 3. Let i be d(2). Is (-1)/i - (-320)/6 composite?
False
Let h = 14 + -9. Suppose -2*b + 2*z - 346 = 0, 228 = -3*b - h*z - 259. Let r = -116 - b. Is r composite?
False
Suppose -11*r + 22660 + 36267 = 0. Is r a prime number?
False
Suppose 0*y - 8 = -2*y. Suppose -5*a + 600 = t, t - 627 = -y*a - 148. Is a a composite number?
True
Let h be 2 - 2 - -4 - 4. Suppose h = g + 4*g + w - 1460, 0 = 2*g - 2*w - 596. Is g a composite number?
False
Let y(x) = -21*x - 14. Let m(q) = q + 1. Let k(l) = -14*m(l) - y(l). Is k(5) a composite number?
True
Let a(i) = -10*i - 11. Let k(b) = -b**3 + b + 1. Let d be k(0). Let q be (-25)/3 + d/3. Is a(q) prime?
False
Suppose -w - 4 = -11. Suppose 56 = -3*l + w*l. Is l composite?
True
Let w be (3 - 6/1)*-5. Let v be 2/(-6) + (-100)/w. Let c(i) = i**3 + 10*i**2 + 4*i + 2. Is c(v) composite?
True
Let t(f) = f + 4. Let q be t(-5). Let u be 2 + 110 - (0 - q). Suppose -u = -4*c + c. Is c prime?
True
Let s be 1 + 21 + 1 + -1. Let z = 51 - s. Suppose -n = -30 - z. Is n prime?
True
Let d(j) = j**2 - 6*j - 3. Let s be d(5). Let n = s + 1. Let l = 62 + n. Is l a prime number?
False
Let o = 8 + -7. Is (1 - o) + 33 + -2 a prime number?
True
Suppose -5*o - 985 + 2850 = 0. Suppose -4*y + o = 65. Is y composite?
True
Let y = -43 - -2334. Is y a composite number?
True
Let j(c) = c**3 - 4*c**2 - 2*c + 6. Let m be j(4). Is 3 + (0 - 2) - m prime?
True
Suppose -5*i = -0*i - 35. Let p = i - -18. Is p a prime number?
False
Let m = 190 + -131. Is m a prime number?
True
Let k = -645 - -2708. Is k prime?
True
Suppose -3*w = -4 + 1. Let p(c) = 836*c - 1. Is p(w) a prime number?
False
Suppose -d + 4*h + 150 + 65 = 0, -2*d = h - 394. Is d prime?
True
Let l = -2 - -23. Is l*(0 - (-46)/6) a composite number?
True
Let b(q) = -q**3 + 4*q**2 - 4*q - 4. Let f(s) = -1. Let u(r) = -b(r) + 6*f(r). Let w be u(3). Is -1 - w - -34 - -2 composite?
True
Suppose -43 = 5*z + 327. Let f = z + 165. Is f a prime number?
False
Suppose 12*k - 15*k = -357. Is k a composite number?
True
Suppose -7*l + 504 = -22589. Is l prime?
True
Let t = -20 + 53. Is t prime?
False
Suppose -5*w = -34 - 26. Suppose -2*l + 142 + w = 0. Is l a prime number?
False
Suppose 0*v - v - 5*i = -24, 4*v + 4*i - 64 = 0. Let r = 78 + v. Suppose r = 4*p - 0*p. Is p a prime number?
True
Let s = 258 + -191. Is s a prime number?
True
Let y = 5 + -12. Let n = 52 - y. Is n composite?
False
Let s(g) = g**2 - 2*g - 4. Let h be s(5). Suppose 0 = -f + 3*b + 10, 4 = 5*b - h. Is f prime?
True
Suppose 0 = -2*f + 4*k + 246, -2*k + 258 = 4*f - 2*f. Is f composite?
False
Let c(d) = d**3 + d**2 + 2*d - 8. Let y(x) = -x**2 + x - 1. Let v(p) = c(p) - 5*y(p). Let f be v(-6). Suppose 5*t + f = 70. Is t a prime number?
True
Let s(h) = 5*h - 1. Let b be s(1). Suppose 0 = -0*k - k + b, -2*n + 130 = -k. Is n composite?
False
Let t(l) = l - 2. Let w be t(4). Suppose 0 = 4*i - o + 4, 5*i = o - w - 3. Is 2/i - (-3 + -50) composite?
True
Suppose -2*v + 35 = a, -4*a = 5*v - 2*a - 89. Let x = 2 + v. Is x prime?
False
Suppose 0 = -i + 1 + 1. Suppose 190 = 5*b + a, -a = -i*b + 3*a + 98. Is b composite?
True
Let m be 6/4*(-6)/9. Is m*(-1)/1*83 composit